{"id":709,"date":"2023-03-27T16:13:04","date_gmt":"2023-03-27T21:13:04","guid":{"rendered":"https:\/\/drasandralilianavargas.com\/?page_id=709"},"modified":"2023-09-20T17:33:30","modified_gmt":"2023-09-20T22:33:30","slug":"cirujana-plastica","status":"publish","type":"page","link":"https:\/\/drasandralilianavargas.com\/index.php\/cirujana-plastica\/","title":{"rendered":"Cirujana Pl\u00e1stica"},"content":{"rendered":"<div id='layer_slider_1'  class='avia-layerslider main_color avia-shadow  avia-builder-el-0  el_before_av_one_half  avia-builder-el-first  container_wrap fullsize'  style='height: 625px; max-width: 3386px; margin: 0 auto;'  ><\/div><div id='after_layer_slider_1'  class='main_color av_default_container_wrap container_wrap fullsize'  ><div class='container av-section-cont-open' ><div class='template-page content  av-content-full alpha units'><div class='post-entry post-entry-type-page post-entry-709'><div class='entry-content-wrapper clearfix'>\n<div class='flex_column av-fr92l-22f182f854dd65208be0b498f8284de9 av_one_half  avia-builder-el-1  el_after_av_layerslider  el_before_av_one_half  avia-builder-el-first  first flex_column_div '     ><style type=\"text\/css\" data-created_by=\"avia_inline_auto\" id=\"style-css-av-lgqueudj-42283656f60039fab840678fbeb1b4e5\">\n#top .av_textblock_section.av-lgqueudj-42283656f60039fab840678fbeb1b4e5 .avia_textblock{\ncolor:#0c0c0c;\ntext-align:justify;\n}\n<\/style>\n<section  class='av_textblock_section av-lgqueudj-42283656f60039fab840678fbeb1b4e5'  itemscope=\"itemscope\" itemtype=\"https:\/\/schema.org\/CreativeWork\" ><div class='avia_textblock av_inherit_color'  itemprop=\"text\" ><div class=\"av-special-heading av-lfrc0tjw-917d07301bb6bfa8a6b8d6caeb9da35c av-special-heading-h2 blockquote modern-quote avia-builder-el-3 el_before_av_textblock avia-builder-el-first \">\n<p><strong>Cirujana Pl\u00e1stica<\/strong><\/p>\n<p>La Dra. Sandra Liliana Vargas es Especialista en Cirug\u00eda Pl\u00e1stica, est\u00e9tica, subespecialista en Cirug\u00eda Pl\u00e1stica Oncol\u00f3gica y Master en Microcirug\u00eda.<\/p>\n<p>Es una destacada especialista en Cirug\u00eda Pl\u00e1stica, Est\u00e9tica, Reconstructiva Oncol\u00f3gica, experta en Procedimientos corporales y Faciales, tanto quir\u00fargicos como m\u00e9dicos; tales como Lifting Facial, Rinoplastia, Mamo plastia de Aumento o Reducci\u00f3n, Abdominoplastia, entre otros procedimientos.<\/p>\n<p>Es egresada como M\u00e9dico Cirujano de la Pontificia Universidad Javeriana, misma instituci\u00f3n donde realizo la subespecialidad en Cirug\u00eda Pl\u00e1stica Oncol\u00f3gica. Es especialista en Cirug\u00eda Pl\u00e1stica, est\u00e9tica, Reconstructiva, Maxilofacial y de la Mano avalada por la Fundaci\u00f3n Universitaria San Martin) y Master en Microcirug\u00eda de la universidad Aut\u00f3noma de Barcelona.<\/p>\n<\/div>\n<section class=\"av_textblock_section av-lfrc0kal-a563e1cf33f6ba6abcc8219a593dd7db\">\n<div class=\"avia_textblock av_inherit_color\"><\/div>\n<\/section>\n<\/div><\/section><\/div><div class='flex_column av-94tql-f23084c432fee16bebc30d513860b1cf av_one_half  avia-builder-el-3  el_after_av_one_half  avia-builder-el-last  flex_column_div '     ><style type=\"text\/css\" data-created_by=\"avia_inline_auto\" id=\"style-css-av-lgquf2er-a0102aa1787a18ff9d8d17c92d4f7be5\">\n.avia-image-container.av-lgquf2er-a0102aa1787a18ff9d8d17c92d4f7be5 img.avia_image{\nbox-shadow:none;\n}\n.avia-image-container.av-lgquf2er-a0102aa1787a18ff9d8d17c92d4f7be5 .av-image-caption-overlay-center{\ncolor:#ffffff;\n}\n<\/style>\n<div  class='avia-image-container av-lgquf2er-a0102aa1787a18ff9d8d17c92d4f7be5 av-styling- avia-align-center  avia-builder-el-4  avia-builder-el-no-sibling '   itemprop=\"image\" itemscope=\"itemscope\" itemtype=\"https:\/\/schema.org\/ImageObject\" ><div class=\"avia-image-container-inner\"><div class=\"avia-image-overlay-wrap\"><img decoding=\"async\" class='wp-image-864 avia-img-lazy-loading-not-864 avia_image ' src=\"https:\/\/drasandralilianavargas.com\/wp-content\/uploads\/2023\/05\/DSC_6473-copia-200x300.png\" alt='' title='DSC_6473 - copia'  height=\"300\" width=\"200\"  itemprop=\"thumbnailUrl\" srcset=\"https:\/\/drasandralilianavargas.com\/wp-content\/uploads\/2023\/05\/DSC_6473-copia-200x300.png 200w, https:\/\/drasandralilianavargas.com\/wp-content\/uploads\/2023\/05\/DSC_6473-copia-687x1030.png 687w, https:\/\/drasandralilianavargas.com\/wp-content\/uploads\/2023\/05\/DSC_6473-copia-768x1152.png 768w, https:\/\/drasandralilianavargas.com\/wp-content\/uploads\/2023\/05\/DSC_6473-copia-1024x1536.png 1024w, https:\/\/drasandralilianavargas.com\/wp-content\/uploads\/2023\/05\/DSC_6473-copia-1366x2048.png 1366w, https:\/\/drasandralilianavargas.com\/wp-content\/uploads\/2023\/05\/DSC_6473-copia-1000x1500.png 1000w, https:\/\/drasandralilianavargas.com\/wp-content\/uploads\/2023\/05\/DSC_6473-copia-470x705.png 470w\" sizes=\"(max-width: 200px) 100vw, 200px\" \/><\/div><\/div><\/div><\/div><\/p>\n","protected":false},"excerpt":{"rendered":"","protected":false},"author":1,"featured_media":0,"parent":0,"menu_order":0,"comment_status":"closed","ping_status":"closed","template":"","meta":{"footnotes":""},"aioseo_notices":[],"_links":{"self":[{"href":"https:\/\/drasandralilianavargas.com\/index.php\/wp-json\/wp\/v2\/pages\/709"}],"collection":[{"href":"https:\/\/drasandralilianavargas.com\/index.php\/wp-json\/wp\/v2\/pages"}],"about":[{"href":"https:\/\/drasandralilianavargas.com\/index.php\/wp-json\/wp\/v2\/types\/page"}],"author":[{"embeddable":true,"href":"https:\/\/drasandralilianavargas.com\/index.php\/wp-json\/wp\/v2\/users\/1"}],"replies":[{"embeddable":true,"href":"https:\/\/drasandralilianavargas.com\/index.php\/wp-json\/wp\/v2\/comments?post=709"}],"version-history":[{"count":16,"href":"https:\/\/drasandralilianavargas.com\/index.php\/wp-json\/wp\/v2\/pages\/709\/revisions"}],"predecessor-version":[{"id":968,"href":"https:\/\/drasandralilianavargas.com\/index.php\/wp-json\/wp\/v2\/pages\/709\/revisions\/968"}],"wp:attachment":[{"href":"https:\/\/drasandralilianavargas.com\/index.php\/wp-json\/wp\/v2\/media?parent=709"}],"curies":[{"name":"wp","href":"https:\/\/api.w.org\/{rel}","templated":true}]}}