{"id":726,"date":"2023-03-31T08:18:11","date_gmt":"2023-03-31T13:18:11","guid":{"rendered":"https:\/\/drasandralilianavargas.com\/?page_id=726"},"modified":"2023-05-06T01:56:25","modified_gmt":"2023-05-06T06:56:25","slug":"ritidoplastia-2","status":"publish","type":"page","link":"https:\/\/drasandralilianavargas.com\/index.php\/ritidoplastia-2\/","title":{"rendered":"Ritidoplastia"},"content":{"rendered":"<div id='layer_slider_1'  class='avia-layerslider main_color avia-shadow  avia-builder-el-0  el_before_av_section  avia-builder-el-first  container_wrap fullsize'  style='height: 625px; max-width: 3386px; margin: 0 auto;'  ><\/div>\n<div id='av_section_1'  class='avia-section av-oxzpy-aaee8233f7035401df294715d74bc0c2 main_color avia-section-huge avia-no-border-styling  avia-builder-el-1  el_after_av_layerslider  el_before_av_layout_row  avia-bg-style-scroll container_wrap fullsize'  ><div class='container av-section-cont-open' ><div class='template-page content  av-content-full alpha units'><div class='post-entry post-entry-type-page post-entry-726'><div class='entry-content-wrapper clearfix'>\n\n<style type=\"text\/css\" data-created_by=\"avia_inline_auto\" id=\"style-css-av-lfwklz9y-cecc26967464ec48163809a9883b4698\">\n#top .av-special-heading.av-lfwklz9y-cecc26967464ec48163809a9883b4698{\npadding-bottom:20px;\nfont-size:40px;\n}\nbody .av-special-heading.av-lfwklz9y-cecc26967464ec48163809a9883b4698 .av-special-heading-tag .heading-char{\nfont-size:25px;\n}\n#top #wrap_all .av-special-heading.av-lfwklz9y-cecc26967464ec48163809a9883b4698 .av-special-heading-tag{\nfont-size:40px;\n}\n.av-special-heading.av-lfwklz9y-cecc26967464ec48163809a9883b4698 .av-subheading{\nfont-size:15px;\n}\n\n@media only screen and (min-width: 480px) and (max-width: 767px){ \n#top #wrap_all .av-special-heading.av-lfwklz9y-cecc26967464ec48163809a9883b4698 .av-special-heading-tag{\nfont-size:0.8em;\n}\n}\n\n@media only screen and (max-width: 479px){ \n#top #wrap_all .av-special-heading.av-lfwklz9y-cecc26967464ec48163809a9883b4698 .av-special-heading-tag{\nfont-size:0.8em;\n}\n}\n<\/style>\n<div  class='av-special-heading av-lfwklz9y-cecc26967464ec48163809a9883b4698 av-special-heading-h1 blockquote modern-quote modern-centered  avia-builder-el-2  avia-builder-el-no-sibling  av-inherit-size'><h1 class='av-special-heading-tag'  itemprop=\"headline\"  >Ritidoplastia <br \/>\u00bfQu\u00e9 es la Ritidoplastia?<\/h1><div class=\"special-heading-border\"><div class=\"special-heading-inner-border\"><\/div><\/div><\/div>\n<\/div><\/div><\/div><!-- close content main div --><\/div><\/div><div id='av-layout-grid-1'  class='av-layout-grid-container av-ilxue-1d89cf71ef87bd73bc35c74b559d91d0 entry-content-wrapper main_color av-flex-cells  avia-builder-el-3  el_after_av_section  avia-builder-el-last  grid-row-not-first  container_wrap fullsize'  >\n\n<style type=\"text\/css\" data-created_by=\"avia_inline_auto\" id=\"style-css-av-drr0e-2db89f5d32b4dc9b55e687925a06acbe\">\n.flex_cell.av-drr0e-2db89f5d32b4dc9b55e687925a06acbe{\nvertical-align:middle;\n}\n.responsive #top #wrap_all .flex_cell.av-drr0e-2db89f5d32b4dc9b55e687925a06acbe{\npadding:80px 80px 80px 80px !important;\n}\n<\/style>\n<div class='flex_cell av-drr0e-2db89f5d32b4dc9b55e687925a06acbe av-gridrow-cell av_one_half no_margin  avia-builder-el-4  el_before_av_cell_one_half  avia-builder-el-first ' ><div class='flex_cell_inner'>\n<style type=\"text\/css\" data-created_by=\"avia_inline_auto\" id=\"style-css-av-lfwl1amo-0d57e27b737a9da3e215f184a5f56a5b\">\n#top .av_textblock_section.av-lfwl1amo-0d57e27b737a9da3e215f184a5f56a5b .avia_textblock{\ncolor:#000000;\ntext-align:justify;\n}\n<\/style>\n<section  class='av_textblock_section av-lfwl1amo-0d57e27b737a9da3e215f184a5f56a5b'  itemscope=\"itemscope\" itemtype=\"https:\/\/schema.org\/CreativeWork\" ><div class='avia_textblock av_inherit_color'  itemprop=\"text\" ><p><span style=\"font-weight: 400;\">La ritidoplastia es el procedimiento que se usa para el levantamiento de las mejillas. Con el paso del tiempo se produce el descolgamiento de los tejidos de la cara generando flacidez, aumento de los surcos alrededor de la boca y descolgamiento de los cachetes o mejillas. Esto genera una apariencia cansada y envejecida del paciente que se puede mejorar con el lifting o minilifting facial. Cuando se combina la ritidoplastia con otros procedimientos como la frontoplastia (cirug\u00eda de la frente), la blefaroplastia (cirug\u00eda de los p\u00e1rpados) o la cervicoplastia (cirug\u00eda del cuello) se puede obtener un rejuvenecimiento muy importante, arm\u00f3nico y natural.<\/span><\/p>\n<\/div><\/section>\n<\/div><\/div>\n<style type=\"text\/css\" data-created_by=\"avia_inline_auto\" id=\"style-css-av-7mg6u-7bf0970dea9b31215a1f9247f8381a05\">\n.flex_cell.av-7mg6u-7bf0970dea9b31215a1f9247f8381a05{\nvertical-align:bottom;\nbackground-color:#e7b8b8;\n}\n.responsive #top #wrap_all .flex_cell.av-7mg6u-7bf0970dea9b31215a1f9247f8381a05{\npadding:0px 0px 0px 0px !important;\n}\n<\/style>\n<div class='flex_cell av-7mg6u-7bf0970dea9b31215a1f9247f8381a05 av-gridrow-cell av_one_half no_margin  avia-builder-el-6  el_after_av_cell_one_half  avia-builder-el-last  av-zero-padding' ><div class='flex_cell_inner'>\n<style type=\"text\/css\" data-created_by=\"avia_inline_auto\" id=\"style-css-av-lfwl0owz-a57a3a6d1ba913baf10b156ac0daea6d\">\n.avia-image-container.av-lfwl0owz-a57a3a6d1ba913baf10b156ac0daea6d img.avia_image{\nbox-shadow:none;\n}\n.avia-image-container.av-lfwl0owz-a57a3a6d1ba913baf10b156ac0daea6d .av-image-caption-overlay-center{\ncolor:#ffffff;\n}\n<\/style>\n<div  class='avia-image-container av-lfwl0owz-a57a3a6d1ba913baf10b156ac0daea6d av-styling-no-styling avia-align-center  avia-builder-el-7  avia-builder-el-no-sibling '   itemprop=\"image\" itemscope=\"itemscope\" itemtype=\"https:\/\/schema.org\/ImageObject\" ><div class=\"avia-image-container-inner\"><div class=\"avia-image-overlay-wrap\"><img decoding=\"async\" class='wp-image-730 avia-img-lazy-loading-not-730 avia_image ' src=\"https:\/\/drasandralilianavargas.com\/wp-content\/uploads\/2023\/03\/Ritidoplastia01.png\" alt='' title=''  height=\"1016\" width=\"1525\"  itemprop=\"thumbnailUrl\" srcset=\"https:\/\/drasandralilianavargas.com\/wp-content\/uploads\/2023\/03\/Ritidoplastia01.png 1525w, https:\/\/drasandralilianavargas.com\/wp-content\/uploads\/2023\/03\/Ritidoplastia01-300x200.png 300w, https:\/\/drasandralilianavargas.com\/wp-content\/uploads\/2023\/03\/Ritidoplastia01-1030x686.png 1030w, https:\/\/drasandralilianavargas.com\/wp-content\/uploads\/2023\/03\/Ritidoplastia01-768x512.png 768w, https:\/\/drasandralilianavargas.com\/wp-content\/uploads\/2023\/03\/Ritidoplastia01-1500x999.png 1500w, https:\/\/drasandralilianavargas.com\/wp-content\/uploads\/2023\/03\/Ritidoplastia01-705x470.png 705w\" sizes=\"(max-width: 1525px) 100vw, 1525px\" \/><\/div><\/div><\/div>\n<\/div><\/div><\/div><\/p>\n","protected":false},"excerpt":{"rendered":"","protected":false},"author":1,"featured_media":0,"parent":0,"menu_order":0,"comment_status":"closed","ping_status":"closed","template":"","meta":{"footnotes":""},"aioseo_notices":[],"_links":{"self":[{"href":"https:\/\/drasandralilianavargas.com\/index.php\/wp-json\/wp\/v2\/pages\/726"}],"collection":[{"href":"https:\/\/drasandralilianavargas.com\/index.php\/wp-json\/wp\/v2\/pages"}],"about":[{"href":"https:\/\/drasandralilianavargas.com\/index.php\/wp-json\/wp\/v2\/types\/page"}],"author":[{"embeddable":true,"href":"https:\/\/drasandralilianavargas.com\/index.php\/wp-json\/wp\/v2\/users\/1"}],"replies":[{"embeddable":true,"href":"https:\/\/drasandralilianavargas.com\/index.php\/wp-json\/wp\/v2\/comments?post=726"}],"version-history":[{"count":3,"href":"https:\/\/drasandralilianavargas.com\/index.php\/wp-json\/wp\/v2\/pages\/726\/revisions"}],"predecessor-version":[{"id":964,"href":"https:\/\/drasandralilianavargas.com\/index.php\/wp-json\/wp\/v2\/pages\/726\/revisions\/964"}],"wp:attachment":[{"href":"https:\/\/drasandralilianavargas.com\/index.php\/wp-json\/wp\/v2\/media?parent=726"}],"curies":[{"name":"wp","href":"https:\/\/api.w.org\/{rel}","templated":true}]}}