{"id":784,"date":"2023-03-31T15:18:54","date_gmt":"2023-03-31T20:18:54","guid":{"rendered":"https:\/\/drasandralilianavargas.com\/?page_id=784"},"modified":"2024-03-04T12:07:47","modified_gmt":"2024-03-04T17:07:47","slug":"rejuvenecimiento-facial-2","status":"publish","type":"page","link":"https:\/\/drasandralilianavargas.com\/index.php\/rejuvenecimiento-facial-2\/","title":{"rendered":"\u00c1cido Hialuronico"},"content":{"rendered":"<div id='layer_slider_1'  class='avia-layerslider main_color avia-shadow  avia-builder-el-0  el_before_av_section  avia-builder-el-first  container_wrap fullsize'  style='height: 625px; max-width: 3386px; margin: 0 auto;'  ><\/div>\n<div id='av_section_1'  class='avia-section av-27frzs-9ec4aab9a65c625c86b6400168e9e583 main_color avia-section-huge avia-no-border-styling  avia-builder-el-1  el_after_av_layerslider  el_before_av_layout_row  avia-bg-style-scroll container_wrap fullsize'  ><div class='container av-section-cont-open' ><div class='template-page content  av-content-full alpha units'><div class='post-entry post-entry-type-page post-entry-784'><div class='entry-content-wrapper clearfix'>\n\n<style type=\"text\/css\" data-created_by=\"avia_inline_auto\" id=\"style-css-av-lfwzn7tu-52ff6eabadd0eca214a6db65be118d2c\">\n#top .av-special-heading.av-lfwzn7tu-52ff6eabadd0eca214a6db65be118d2c{\npadding-bottom:20px;\nfont-size:40px;\n}\nbody .av-special-heading.av-lfwzn7tu-52ff6eabadd0eca214a6db65be118d2c .av-special-heading-tag .heading-char{\nfont-size:25px;\n}\n#top #wrap_all .av-special-heading.av-lfwzn7tu-52ff6eabadd0eca214a6db65be118d2c .av-special-heading-tag{\nfont-size:40px;\n}\n.av-special-heading.av-lfwzn7tu-52ff6eabadd0eca214a6db65be118d2c .av-subheading{\nfont-size:15px;\n}\n\n@media only screen and (min-width: 480px) and (max-width: 767px){ \n#top #wrap_all .av-special-heading.av-lfwzn7tu-52ff6eabadd0eca214a6db65be118d2c .av-special-heading-tag{\nfont-size:0.8em;\n}\n}\n\n@media only screen and (max-width: 479px){ \n#top #wrap_all .av-special-heading.av-lfwzn7tu-52ff6eabadd0eca214a6db65be118d2c .av-special-heading-tag{\nfont-size:0.8em;\n}\n}\n<\/style>\n<div  class='av-special-heading av-lfwzn7tu-52ff6eabadd0eca214a6db65be118d2c av-special-heading-h1 blockquote modern-quote modern-centered  avia-builder-el-2  avia-builder-el-no-sibling  av-inherit-size'><h1 class='av-special-heading-tag'  itemprop=\"headline\"  >Rejuvenecimiento Facial  <\/h1><div class=\"special-heading-border\"><div class=\"special-heading-inner-border\"><\/div><\/div><\/div>\n\n<\/div><\/div><\/div><!-- close content main div --><\/div><\/div><div id='av-layout-grid-1'  class='av-layout-grid-container av-23990g-6adf52d60d280cc34978a578c80e139a entry-content-wrapper main_color av-flex-cells  avia-builder-el-3  el_after_av_section  avia-builder-el-last  grid-row-not-first  container_wrap fullsize'  >\n\n<style type=\"text\/css\" data-created_by=\"avia_inline_auto\" id=\"style-css-av-1ywgq0-daf8dcc417b6668d6406a8b503e02742\">\n.flex_cell.av-1ywgq0-daf8dcc417b6668d6406a8b503e02742{\nvertical-align:middle;\n}\n.responsive #top #wrap_all .flex_cell.av-1ywgq0-daf8dcc417b6668d6406a8b503e02742{\npadding:80px 80px 80px 80px !important;\n}\n<\/style>\n<div class='flex_cell av-1ywgq0-daf8dcc417b6668d6406a8b503e02742 av-gridrow-cell av_one_half no_margin  avia-builder-el-4  el_before_av_cell_one_half  avia-builder-el-first ' ><div class='flex_cell_inner'><p>\n<style type=\"text\/css\" data-created_by=\"avia_inline_auto\" id=\"style-css-av-lfwznq3t-9cd72c968839f0a87cb2e4017cdfe336\">\n#top .av-special-heading.av-lfwznq3t-9cd72c968839f0a87cb2e4017cdfe336{\npadding-bottom:10px;\n}\nbody .av-special-heading.av-lfwznq3t-9cd72c968839f0a87cb2e4017cdfe336 .av-special-heading-tag .heading-char{\nfont-size:25px;\n}\n.av-special-heading.av-lfwznq3t-9cd72c968839f0a87cb2e4017cdfe336 .av-subheading{\nfont-size:15px;\n}\n<\/style>\n<div  class='av-special-heading av-lfwznq3t-9cd72c968839f0a87cb2e4017cdfe336 av-special-heading-h2 blockquote modern-quote  avia-builder-el-5  el_before_av_textblock  avia-builder-el-first '><h2 class='av-special-heading-tag'  itemprop=\"headline\"  >\u00c1cido Hialuronico<\/h2><div class=\"special-heading-border\"><div class=\"special-heading-inner-border\"><\/div><\/div><\/div><br \/>\n\n<style type=\"text\/css\" data-created_by=\"avia_inline_auto\" id=\"style-css-av-lfwzotiw-9b2fde69c914c20dda83d30774c0b2a6\">\n#top .av_textblock_section.av-lfwzotiw-9b2fde69c914c20dda83d30774c0b2a6 .avia_textblock{\ncolor:#000000;\ntext-align:justify;\n}\n<\/style>\n<section  class='av_textblock_section av-lfwzotiw-9b2fde69c914c20dda83d30774c0b2a6'  itemscope=\"itemscope\" itemtype=\"https:\/\/schema.org\/CreativeWork\" ><div class='avia_textblock av_inherit_color'  itemprop=\"text\" ><p><strong>Beneficios del \u00e1cido hialur\u00f3nico<\/strong><\/p>\n<p><span style=\"font-weight: 400;\">Muchas veces mencionado, pero pocas veces entendido, el \u00e1cido hialur\u00f3nico es una prote\u00edna que se produce de manera natural en todos los tejidos de nuestro cuerpo. Y que combina a amino\u00e1cidos y az\u00facares naturales.<\/span><\/p>\n<p><strong>\u00bfQu\u00e9 es el \u00e1cido hialur\u00f3nico?<\/strong><\/p>\n<p><span style=\"font-weight: 400;\">Como ya dijimos, es una prote\u00edna que se produce en nuestro cuerpo y es conocida por sus beneficios de hidrataci\u00f3n y por mejorar el aspecto de las arrugas y ojeras para lograr una piel renovada. Adem\u00e1s, es la \u00fanica mol\u00e9cula capaz de almacenar hasta 1000 veces su peso en agua.<\/span><\/p>\n<p><strong>\u00bfCu\u00e1les son los efectos del \u00e1cido hialur\u00f3nico en la piel?<\/strong><\/p>\n<p><span style=\"font-weight: 400;\">En nuestra piel tiene un efecto hidratante, gracias a su gran capacidad de absorci\u00f3n que mantiene la hidrataci\u00f3n por m\u00e1s tiempo. Un efecto bioestimulador, gracias a los amino\u00e1cidos y az\u00facares que lo componen.<\/span><\/p>\n<p><span style=\"font-weight: 400;\">Estos mismos componentes le otorgan un efecto reparador y regenerador. Adem\u00e1s, el \u00e1cido hialur\u00f3nico es uno de los responsables del soporte y la resistencia de los tejidos a las fuerzas mec\u00e1nicas y adem\u00e1s ayuda a barrer los radicales libres.<\/span><\/p>\n<p><span style=\"font-weight: 400;\">Asimismo, el \u00e1cido hialur\u00f3nico es una prote\u00edna que est\u00e1 presente de manera natural en nuestras articulaciones, cart\u00edlagos y piel.<\/span><\/p>\n<p><span style=\"font-weight: 400;\">Seg\u00fan la zona en la que lo encontramos cumple distintas funciones:<\/span><\/p>\n<p><span style=\"font-weight: 400;\">En articulaciones: ayuda a evitar que ocurran fricciones dolorosas.<\/span><\/p>\n<p><span style=\"font-weight: 400;\"><strong>En cart\u00edlagos:<\/strong> funciona como reconstituyente.<\/span><\/p>\n<p><span style=\"font-weight: 400;\"><strong>En piel:<\/strong> act\u00faa como crema hidratante y ayuda a darle soporte para que se mantenga joven y contribuye a mejorar el aspecto de las arrugas y ojeras.<\/span><\/p>\n<p><span style=\"font-weight: 400;\">Y si es que nuestro cuerpo lo produce de manera natural, \u00bfpara qu\u00e9 sirve aplicarlo a trav\u00e9s de productos de Tratamiento Facial? Conoce lo que el \u00e1cido hialur\u00f3nico hace en tu piel.<\/span><\/p>\n<\/div><\/section><\/p>\n<\/div><\/div>\n<style type=\"text\/css\" data-created_by=\"avia_inline_auto\" id=\"style-css-av-1shk80-af94bedc2a201e9ddd885c0903e90fa1\">\n.flex_cell.av-1shk80-af94bedc2a201e9ddd885c0903e90fa1{\nvertical-align:bottom;\nbackground-color:#e7b8b8;\n}\n.responsive #top #wrap_all .flex_cell.av-1shk80-af94bedc2a201e9ddd885c0903e90fa1{\npadding:0px 0px 0px 0px !important;\n}\n<\/style>\n<div class='flex_cell av-1shk80-af94bedc2a201e9ddd885c0903e90fa1 av-gridrow-cell av_one_half no_margin  avia-builder-el-7  el_after_av_cell_one_half  avia-builder-el-last  av-zero-padding' ><div class='flex_cell_inner'>\n<style type=\"text\/css\" data-created_by=\"avia_inline_auto\" id=\"style-css-av-lfwzwomv-00793f0f4d050a109faf40aad2c59003\">\n.avia-image-container.av-lfwzwomv-00793f0f4d050a109faf40aad2c59003 img.avia_image{\nbox-shadow:none;\n}\n.avia-image-container.av-lfwzwomv-00793f0f4d050a109faf40aad2c59003 .av-image-caption-overlay-center{\ncolor:#ffffff;\n}\n<\/style>\n<div  class='avia-image-container av-lfwzwomv-00793f0f4d050a109faf40aad2c59003 av-styling-no-styling avia-align-center  avia-builder-el-8  avia-builder-el-no-sibling '   itemprop=\"image\" itemscope=\"itemscope\" itemtype=\"https:\/\/schema.org\/ImageObject\" ><div class=\"avia-image-container-inner\"><div class=\"avia-image-overlay-wrap\"><img decoding=\"async\" class='wp-image-788 avia-img-lazy-loading-not-788 avia_image ' src=\"https:\/\/drasandralilianavargas.com\/wp-content\/uploads\/2023\/03\/Acido-Hialuronico.png\" alt='' title=''  height=\"1016\" width=\"1525\"  itemprop=\"thumbnailUrl\" srcset=\"https:\/\/drasandralilianavargas.com\/wp-content\/uploads\/2023\/03\/Acido-Hialuronico.png 1525w, https:\/\/drasandralilianavargas.com\/wp-content\/uploads\/2023\/03\/Acido-Hialuronico-300x200.png 300w, https:\/\/drasandralilianavargas.com\/wp-content\/uploads\/2023\/03\/Acido-Hialuronico-1030x686.png 1030w, https:\/\/drasandralilianavargas.com\/wp-content\/uploads\/2023\/03\/Acido-Hialuronico-768x512.png 768w, https:\/\/drasandralilianavargas.com\/wp-content\/uploads\/2023\/03\/Acido-Hialuronico-1500x999.png 1500w, https:\/\/drasandralilianavargas.com\/wp-content\/uploads\/2023\/03\/Acido-Hialuronico-705x470.png 705w\" sizes=\"(max-width: 1525px) 100vw, 1525px\" \/><\/div><\/div><\/div>\n<\/div><\/div><\/div>\n","protected":false},"excerpt":{"rendered":"","protected":false},"author":1,"featured_media":0,"parent":0,"menu_order":0,"comment_status":"closed","ping_status":"closed","template":"","meta":{"footnotes":""},"aioseo_notices":[],"_links":{"self":[{"href":"https:\/\/drasandralilianavargas.com\/index.php\/wp-json\/wp\/v2\/pages\/784"}],"collection":[{"href":"https:\/\/drasandralilianavargas.com\/index.php\/wp-json\/wp\/v2\/pages"}],"about":[{"href":"https:\/\/drasandralilianavargas.com\/index.php\/wp-json\/wp\/v2\/types\/page"}],"author":[{"embeddable":true,"href":"https:\/\/drasandralilianavargas.com\/index.php\/wp-json\/wp\/v2\/users\/1"}],"replies":[{"embeddable":true,"href":"https:\/\/drasandralilianavargas.com\/index.php\/wp-json\/wp\/v2\/comments?post=784"}],"version-history":[{"count":6,"href":"https:\/\/drasandralilianavargas.com\/index.php\/wp-json\/wp\/v2\/pages\/784\/revisions"}],"predecessor-version":[{"id":1018,"href":"https:\/\/drasandralilianavargas.com\/index.php\/wp-json\/wp\/v2\/pages\/784\/revisions\/1018"}],"wp:attachment":[{"href":"https:\/\/drasandralilianavargas.com\/index.php\/wp-json\/wp\/v2\/media?parent=784"}],"curies":[{"name":"wp","href":"https:\/\/api.w.org\/{rel}","templated":true}]}}